
{"id":447,"date":"2014-08-29T01:32:00","date_gmt":"2014-08-29T01:32:00","guid":{"rendered":"http:\/\/wp\/?page_id=2"},"modified":"2024-01-02T14:16:46","modified_gmt":"2024-01-02T14:16:46","slug":"sample-page-2","status":"publish","type":"page","link":"https:\/\/lumpenjunge.com\/","title":{"rendered":"Home"},"content":{"rendered":"<div id='full_slider_1'  class='avia-fullwidth-slider main_color avia-shadow   avia-builder-el-0  el_before_av_section  avia-builder-el-first   container_wrap sidebar_right'  ><div  class='avia-slideshow av-ldd051n0-ec76db90d58ff11a3c26b945d26b92b1 avia-slideshow-featured av_slideshow_full avia-slide-slider av-slideshow-ui av-control-default av-slideshow-autoplay av-loop-endless av-loop-manual-endless av-default-height-applied   avia-slideshow-1' data-slideshow-options=\"{&quot;animation&quot;:&quot;slide&quot;,&quot;autoplay&quot;:true,&quot;loop_autoplay&quot;:&quot;endless&quot;,&quot;interval&quot;:3,&quot;loop_manual&quot;:&quot;manual-endless&quot;,&quot;autoplay_stopper&quot;:false,&quot;noNavigation&quot;:false,&quot;bg_slider&quot;:false,&quot;keep_padding&quot;:false,&quot;hoverpause&quot;:false,&quot;show_slide_delay&quot;:0}\"  itemprop=\"image\" itemscope=\"itemscope\" itemtype=\"https:\/\/schema.org\/ImageObject\" ><ul class='avia-slideshow-inner ' style='padding-bottom: 28.666666666667%;'><li  class='avia-slideshow-slide av-ldd051n0-ec76db90d58ff11a3c26b945d26b92b1__0  av-single-slide slide-1 slide-odd'><div data-rel='slideshow-1' class='avia-slide-wrap '   ><img decoding=\"async\" fetchpriority=\"high\" class=\"wp-image-472 avia-img-lazy-loading-not-472\"  src=\"https:\/\/lumpenjunge.com\/wp-content\/uploads\/2023\/01\/pexels-markus-spiske-93488-1500x430.jpg\" width=\"1500\" height=\"430\" title='pexels-markus-spiske-93488' alt=''  itemprop=\"thumbnailUrl\"   \/><\/div><\/li><\/ul><div class='av-slideshow-caption av-ldd051n0-ec76db90d58ff11a3c26b945d26b92b1__0 caption_fullwidth caption_center caption_center_framed caption_framed'><div class=\"container caption_container\"><div class=\"slideshow_caption\"><div class=\"slideshow_inner_caption\"><div class=\"slideshow_align_caption\"><h2 class='avia-caption-title '  itemprop=\"name\" >MODE - KOSMETIK - WORKSHOPS<\/h2><\/div><\/div><\/div><\/div><\/div><\/div><\/div>\n\n<style type=\"text\/css\" data-created_by=\"avia_inline_auto\" id=\"style-css-av-27103j-8c71819e61b6622b0c33c160a271fda6\">\n.avia-section.av-27103j-8c71819e61b6622b0c33c160a271fda6 .av-extra-border-element .av-extra-border-inner{\nbackground-color:#ffffff;\n}\n<\/style>\n<div id='av_section_1'  class='avia-section av-27103j-8c71819e61b6622b0c33c160a271fda6 main_color avia-section-large avia-no-border-styling  avia-builder-el-1  el_after_av_slideshow_full  el_before_av_section  avia-bg-style-scroll av-arrow-down-section container_wrap sidebar_right'  ><div class='container av-section-cont-open' ><div class='template-page content  av-content-small alpha units'><div class='post-entry post-entry-type-page post-entry-447'><div class='entry-content-wrapper clearfix'>\n\n<style type=\"text\/css\" data-created_by=\"avia_inline_auto\" id=\"style-css-av-3w1agf-e2bda88fdcfd527a7a8c468502ad2b7f\">\n#top .hr.av-3w1agf-e2bda88fdcfd527a7a8c468502ad2b7f{\nmargin-top:30px;\nmargin-bottom:30px;\n}\n.hr.av-3w1agf-e2bda88fdcfd527a7a8c468502ad2b7f .hr-inner{\nwidth:50px;\nborder-color:#808080;\nmax-width:45%;\n}\n.hr.av-3w1agf-e2bda88fdcfd527a7a8c468502ad2b7f .av-seperator-icon{\ncolor:#808080;\n}\n<\/style>\n<div  class='hr av-3w1agf-e2bda88fdcfd527a7a8c468502ad2b7f hr-custom  avia-builder-el-2  el_before_av_one_fifth  avia-builder-el-first  hr-center hr-icon-yes'><span class='hr-inner inner-border-av-border-thin'><span class=\"hr-inner-style\"><\/span><\/span><span class='av-seperator-icon' aria-hidden='true' data-av_icon='\ue841' data-av_iconfont='entypo-fontello'><\/span><span class='hr-inner inner-border-av-border-thin'><span class=\"hr-inner-style\"><\/span><\/span><\/div>\n<div  class='flex_column av-22ep7r-e62307ae23c686b5ff1576bf1a97cb91 av_one_fifth  avia-builder-el-3  el_after_av_hr  el_before_av_three_fifth  first flex_column_div  '     ><\/div><div  class='flex_column av-1wqp2v-67280baedab82ea852df40adece48328 av_three_fifth  avia-builder-el-4  el_after_av_one_fifth  el_before_av_one_fifth  flex_column_div  '     ><p>\n<style type=\"text\/css\" data-created_by=\"avia_inline_auto\" id=\"style-css-av-1ph0jz-c456d1d35a559241623bd4a86a0aec49\">\n#top .av-special-heading.av-1ph0jz-c456d1d35a559241623bd4a86a0aec49{\npadding-bottom:10px;\n}\nbody .av-special-heading.av-1ph0jz-c456d1d35a559241623bd4a86a0aec49 .av-special-heading-tag .heading-char{\nfont-size:25px;\n}\n.av-special-heading.av-1ph0jz-c456d1d35a559241623bd4a86a0aec49 .av-subheading{\nfont-size:15px;\n}\n<\/style>\n<div  class='av-special-heading av-1ph0jz-c456d1d35a559241623bd4a86a0aec49 av-special-heading-h2 blockquote modern-quote modern-centered  avia-builder-el-5  el_before_av_textblock  avia-builder-el-first '><div class='av-subheading av-subheading_above'><p>LUMPENJUNGE<\/p>\n<\/div><h2 class='av-special-heading-tag '  itemprop=\"headline\"  >schenke einem Kleidungsst\u00fcck ein zweites Leben.<\/h2><div class=\"special-heading-border\"><div class=\"special-heading-inner-border\"><\/div><\/div><\/div><br \/>\n\n<style type=\"text\/css\" data-created_by=\"avia_inline_auto\" id=\"style-css-av-1kuwm7-29b501e853f051245346fda0f86ca3f4\">\n#top .av_textblock_section.av-1kuwm7-29b501e853f051245346fda0f86ca3f4 .avia_textblock{\nfont-size:16px;\n}\n<\/style>\n<section  class='av_textblock_section av-1kuwm7-29b501e853f051245346fda0f86ca3f4 '   itemscope=\"itemscope\" itemtype=\"https:\/\/schema.org\/CreativeWork\" ><div class='avia_textblock'  itemprop=\"text\" ><p style=\"text-align: center;\"><strong><span style=\"color: #222222;\"><span style=\"font-family: system-ui, apple-system, Segoe UI, Roboto, Helvetica Neue, Arial, Noto Sans, Liberation Sans, sans-serif, Apple Color Emoji, Segoe UI Emoji, Segoe UI Symbol, Noto Color Emoji;\"><span style=\"font-size: medium;\">Einen gebrauchten Gegenstand zu kaufen, bedeutet, ihm den Wert entgegenzubringen, den viele andere Menschen bereits nicht mehr sehen. Vor allem gegen\u00fcber dem Inhalt des eigenen Kleiderschranks haben die meisten von uns die Wertsch\u00e4tzung verloren. Doch diese Zeiten sind bald vorbei. Second Hand<\/span><\/span><\/span><\/strong><b> <\/b><strong><span style=\"color: #222222;\"><span style=\"font-family: system-ui, apple-system, Segoe UI, Roboto, Helvetica Neue, Arial, Noto Sans, Liberation Sans, sans-serif, Apple Color Emoji, Segoe UI Emoji, Segoe UI Symbol, Noto Color Emoji;\"><span style=\"font-size: medium;\">zu kaufen, hei\u00dft auch, ein Auge f\u00fcrs Detail und das Besondere zu haben \u2013 und gleichzeitig minimalistischer zu leben und respektvoller mit bereits Bestehendem umzugehen.<\/span><\/span><\/span><\/strong><\/p>\n<\/div><\/section><\/p><\/div><div  class='flex_column av-1er4kv-27994a5fc15632711063b5d8167db434 av_one_fifth  avia-builder-el-7  el_after_av_three_fifth  el_before_av_hr  flex_column_div  '     ><\/div>\n<style type=\"text\/css\" data-created_by=\"avia_inline_auto\" id=\"style-css-av-4e0m7-29d6a3466eb770590e74c0e33c341f24\">\n#top .hr.av-4e0m7-29d6a3466eb770590e74c0e33c341f24{\nmargin-top:30px;\nmargin-bottom:30px;\n}\n.hr.av-4e0m7-29d6a3466eb770590e74c0e33c341f24 .hr-inner{\nwidth:50px;\nborder-color:#808080;\nmax-width:45%;\n}\n.hr.av-4e0m7-29d6a3466eb770590e74c0e33c341f24 .av-seperator-icon{\ncolor:#808080;\n}\n<\/style>\n<div  class='hr av-4e0m7-29d6a3466eb770590e74c0e33c341f24 hr-custom  avia-builder-el-8  el_after_av_one_fifth  el_before_av_one_third  hr-center hr-icon-yes'><span class='hr-inner inner-border-av-border-thin'><span class=\"hr-inner-style\"><\/span><\/span><span class='av-seperator-icon' aria-hidden='true' data-av_icon='\ue841' data-av_iconfont='entypo-fontello'><\/span><span class='hr-inner inner-border-av-border-thin'><span class=\"hr-inner-style\"><\/span><\/span><\/div>\n<div  class='flex_column av-139i5b-577a9c6ff9564c197b8d4e097605d8b7 av_one_third  avia-builder-el-9  el_after_av_hr  el_before_av_one_third  first flex_column_div  '     ><style type=\"text\/css\" data-created_by=\"avia_inline_auto\" id=\"style-css-av-zpzvb-65a39a54c74e7978f075755d42065bc6\">\n.iconbox.av-zpzvb-65a39a54c74e7978f075755d42065bc6 .iconbox_icon{\nborder:1px solid #808080;\ncolor:#808080;\n}\n<\/style>\n<article  class='iconbox iconbox_left_content av-zpzvb-65a39a54c74e7978f075755d42065bc6  avia-builder-el-10  avia-builder-el-no-sibling '  itemscope=\"itemscope\" itemtype=\"https:\/\/schema.org\/CreativeWork\" ><div class=\"iconbox_icon heading-color\" aria-hidden='true' data-av_icon='\ue812' data-av_iconfont='entypo-fontello'><\/div><div class=\"iconbox_content\"><header class=\"entry-content-header\" aria-label=\"Icon: Mode\"><h3 class='iconbox_content_title '  itemprop=\"headline\" >Mode<\/h3><\/header><div class='iconbox_content_container '  itemprop=\"text\" ><p>Wir bei Lumpenjunge sind der \u00dcberzeugung, dass gebrauchte Second Hand Kleidung nicht nur g\u00fcnstig ist sondern auch eine ausgesprochen gute Qualit\u00e4t bietet!<\/p>\n<\/div><\/div><footer class=\"entry-footer\"><\/footer><\/article><\/div><div  class='flex_column av-q3gk7-0e3dc57fede8aa67e8bcf7762358528a av_one_third  avia-builder-el-11  el_after_av_one_third  el_before_av_one_third  flex_column_div  '     ><style type=\"text\/css\" data-created_by=\"avia_inline_auto\" id=\"style-css-av-n18yv-6293e9761adcb6c51f1a66a1d6de2dd7\">\n.iconbox.av-n18yv-6293e9761adcb6c51f1a66a1d6de2dd7 .iconbox_icon{\nborder:1px solid #808080;\ncolor:#808080;\n}\n<\/style>\n<article  class='iconbox iconbox_left_content av-n18yv-6293e9761adcb6c51f1a66a1d6de2dd7  avia-builder-el-12  avia-builder-el-no-sibling '  itemscope=\"itemscope\" itemtype=\"https:\/\/schema.org\/CreativeWork\" ><div class=\"iconbox_icon heading-color\" aria-hidden='true' data-av_icon='\ue812' data-av_iconfont='entypo-fontello'><\/div><div class=\"iconbox_content\"><header class=\"entry-content-header\" aria-label=\"Icon: Kosmetik\"><h3 class='iconbox_content_title '  itemprop=\"headline\" >Kosmetik<\/h3><\/header><div class='iconbox_content_container '  itemprop=\"text\" ><p>M\u00e4nner haben sehr genau die Notwendigkeit der Pflege ihrer Haut erkannt und finden bei Lumpenjunge eine gro\u00dfe Auswahl unterschiedlicher Naturkosmetik-Produkte, die speziell f\u00fcr die Bed\u00fcrfnisse von M\u00e4nnerhaut gemacht sind.<\/p>\n<\/div><\/div><footer class=\"entry-footer\"><\/footer><\/article><\/div><div  class='flex_column av-d31wn-86c71b953a9d5b5035b9f8087a311168 av_one_third  avia-builder-el-13  el_after_av_one_third  avia-builder-el-last  flex_column_div  '     ><style type=\"text\/css\" data-created_by=\"avia_inline_auto\" id=\"style-css-av-abqaf-ea3192b347174a959d00ac6ffa469fe6\">\n.iconbox.av-abqaf-ea3192b347174a959d00ac6ffa469fe6 .iconbox_icon{\nborder:1px solid #808080;\ncolor:#808080;\n}\n<\/style>\n<article  class='iconbox iconbox_left_content av-abqaf-ea3192b347174a959d00ac6ffa469fe6  avia-builder-el-14  avia-builder-el-no-sibling '  itemscope=\"itemscope\" itemtype=\"https:\/\/schema.org\/CreativeWork\" ><div class=\"iconbox_icon heading-color\" aria-hidden='true' data-av_icon='\ue812' data-av_iconfont='entypo-fontello'><\/div><div class=\"iconbox_content\"><header class=\"entry-content-header\" aria-label=\"Icon: Workshops\"><h3 class='iconbox_content_title '  itemprop=\"headline\" >Workshops<\/h3><\/header><div class='iconbox_content_container '  itemprop=\"text\" ><p>Wir planen in Zukunft Workshops zu den Themen Upcycling, Reparaturen, Instandsetzung.<\/p>\n<\/div><\/div><footer class=\"entry-footer\"><\/footer><\/article><\/div><\/div><\/div><\/div><!-- close content main div --><\/div><div class='av-extra-border-element border-extra-arrow-down'><div class='av-extra-border-outer'><div class='av-extra-border-inner'><\/div><\/div><\/div><\/div>\n<style type=\"text\/css\" data-created_by=\"avia_inline_auto\" id=\"style-css-av-2pafjb-8d090516958674b2090dc1960194feb2\">\n.avia-section.av-2pafjb-8d090516958674b2090dc1960194feb2{\nbackground-color:#f8f8f8;\nbackground-image:unset;\n}\n.avia-section.av-2pafjb-8d090516958674b2090dc1960194feb2 .av-extra-border-element .av-extra-border-inner{\nbackground-color:#f8f8f8;\n}\n<\/style>\n<div id='av_section_2'  class='avia-section av-2pafjb-8d090516958674b2090dc1960194feb2 main_color avia-section-large avia-no-border-styling  avia-builder-el-15  el_after_av_section  el_before_av_masonry_gallery  avia-bg-style-scroll av-arrow-down-section container_wrap sidebar_right'  ><div class='container av-section-cont-open' ><div class='template-page content  av-content-small alpha units'><div class='post-entry post-entry-type-page post-entry-447'><div class='entry-content-wrapper clearfix'>\n<div  class='flex_column av-2jinlj-813b08b17c9a852e7b7d17e0d967a597 av_one_fifth  avia-builder-el-16  el_before_av_three_fifth  avia-builder-el-first  first flex_column_div  '     ><\/div><div  class='flex_column av-2dt6zr-39ebe53f215e3cddf8d8533957c6848c av_three_fifth  avia-builder-el-17  el_after_av_one_fifth  el_before_av_one_fifth  flex_column_div  '     ><style type=\"text\/css\" data-created_by=\"avia_inline_auto\" id=\"style-css-av-22goz3-23b61c7c00cd2e0b117f74eb37606ac1\">\n#top .av_textblock_section.av-22goz3-23b61c7c00cd2e0b117f74eb37606ac1 .avia_textblock{\nfont-size:16px;\n}\n<\/style>\n<section  class='av_textblock_section av-22goz3-23b61c7c00cd2e0b117f74eb37606ac1 '   itemscope=\"itemscope\" itemtype=\"https:\/\/schema.org\/CreativeWork\" ><div class='avia_textblock'  itemprop=\"text\" ><p style=\"text-align: center;\">Hier findest du bald ein Auswahl unserer<\/p>\n<\/div><\/section><br \/>\n\n<style type=\"text\/css\" data-created_by=\"avia_inline_auto\" id=\"style-css-av-27ms1r-178cfcb4b16b91267c1bcdf72720dda0\">\n#top .av-special-heading.av-27ms1r-178cfcb4b16b91267c1bcdf72720dda0{\npadding-bottom:10px;\n}\nbody .av-special-heading.av-27ms1r-178cfcb4b16b91267c1bcdf72720dda0 .av-special-heading-tag .heading-char{\nfont-size:25px;\n}\n.av-special-heading.av-27ms1r-178cfcb4b16b91267c1bcdf72720dda0 .av-subheading{\nfont-size:15px;\n}\n<\/style>\n<div  class='av-special-heading av-27ms1r-178cfcb4b16b91267c1bcdf72720dda0 av-special-heading-h2 blockquote modern-quote modern-centered  avia-builder-el-19  el_after_av_textblock  avia-builder-el-last '><h2 class='av-special-heading-tag '  itemprop=\"headline\"  >Produkte<\/h2><div class=\"special-heading-border\"><div class=\"special-heading-inner-border\"><\/div><\/div><\/div><\/p><\/div><div  class='flex_column av-1y1m4f-95db8154cf19e45bfd456eb09d2d6191 av_one_fifth  avia-builder-el-20  el_after_av_three_fifth  avia-builder-el-last  flex_column_div  '     ><\/div>\n<\/p>\n<div id='av-masonry-1' class='av-masonry av-ldd8ev3v-9f55c386572c3b59e7b1fb91e7a68261 noHover av-flex-size av-large-gap av-hover-overlay-active av-masonry-animation-active av-masonry-col-flexible av-caption-always av-caption-style- av-masonry-gallery ' data-post_id=\"447\"><div class=\"av-masonry-container isotope av-js-disabled\"><div class='av-masonry-entry isotope-item av-masonry-item-no-image '><\/div><a href=\"https:\/\/lumpenjunge.com\/wp-content\/uploads\/2023\/01\/pexels-kei-scampa-2964779-1030x683.jpg\" data-srcset=\"https:\/\/lumpenjunge.com\/wp-content\/uploads\/2023\/01\/pexels-kei-scampa-2964779-1030x683.jpg 1030w, https:\/\/lumpenjunge.com\/wp-content\/uploads\/2023\/01\/pexels-kei-scampa-2964779-300x199.jpg 300w, https:\/\/lumpenjunge.com\/wp-content\/uploads\/2023\/01\/pexels-kei-scampa-2964779-768x509.jpg 768w, https:\/\/lumpenjunge.com\/wp-content\/uploads\/2023\/01\/pexels-kei-scampa-2964779-705x467.jpg 705w, https:\/\/lumpenjunge.com\/wp-content\/uploads\/2023\/01\/pexels-kei-scampa-2964779.jpg 1500w\" data-sizes=\"(max-width: 1030px) 100vw, 1030px\"  aria-label=\"Bild pexels-kei-scampa-2964779\"  id='av-masonry-1-item-495' data-av-masonry-item='495' class='av-masonry-entry isotope-item post-495 attachment type-attachment status-inherit hentry  av-masonry-item-with-image' title=\"pexels-kei-scampa-2964779\" alt=\"\"    itemprop=\"thumbnailUrl\" ><div class='av-inner-masonry-sizer'><\/div><figure class='av-inner-masonry main_color'><div class=\"av-masonry-outerimage-container\"><div class='av-masonry-image-container'  ><img decoding=\"async\" width=\"705\" height=\"467\" fetchpriority=\"high\" class=\"wp-image-495 avia-img-lazy-loading-not-495\"  src=\"https:\/\/lumpenjunge.com\/wp-content\/uploads\/2023\/01\/pexels-kei-scampa-2964779-705x467.jpg\" title=\"pexels-kei-scampa-2964779\" alt=\"\" srcset=\"https:\/\/lumpenjunge.com\/wp-content\/uploads\/2023\/01\/pexels-kei-scampa-2964779-705x467.jpg 705w, https:\/\/lumpenjunge.com\/wp-content\/uploads\/2023\/01\/pexels-kei-scampa-2964779-300x199.jpg 300w, https:\/\/lumpenjunge.com\/wp-content\/uploads\/2023\/01\/pexels-kei-scampa-2964779-1030x683.jpg 1030w, https:\/\/lumpenjunge.com\/wp-content\/uploads\/2023\/01\/pexels-kei-scampa-2964779-768x509.jpg 768w, https:\/\/lumpenjunge.com\/wp-content\/uploads\/2023\/01\/pexels-kei-scampa-2964779.jpg 1500w\" sizes=\"(max-width: 705px) 100vw, 705px\" \/><\/div><\/div><figcaption class='av-inner-masonry-content site-background'><div class='av-inner-masonry-content-pos'><div class='av-inner-masonry-content-pos-content'><div class='avia-arrow'><\/div><h3 class='av-masonry-entry-title entry-title '  itemprop=\"headline\" >pexels-kei-scampa-2964779<\/h3><\/div><\/div><\/figcaption><\/figure><\/a><!--end av-masonry entry--><a href=\"https:\/\/lumpenjunge.com\/wp-content\/uploads\/2023\/01\/pexels-giallo-859895-1030x687.jpg\" data-srcset=\"https:\/\/lumpenjunge.com\/wp-content\/uploads\/2023\/01\/pexels-giallo-859895-1030x687.jpg 1030w, https:\/\/lumpenjunge.com\/wp-content\/uploads\/2023\/01\/pexels-giallo-859895-300x200.jpg 300w, https:\/\/lumpenjunge.com\/wp-content\/uploads\/2023\/01\/pexels-giallo-859895-768x512.jpg 768w, https:\/\/lumpenjunge.com\/wp-content\/uploads\/2023\/01\/pexels-giallo-859895-705x470.jpg 705w, https:\/\/lumpenjunge.com\/wp-content\/uploads\/2023\/01\/pexels-giallo-859895.jpg 1500w\" data-sizes=\"(max-width: 1030px) 100vw, 1030px\"  aria-label=\"Bild pexels-giallo-859895\"  id='av-masonry-1-item-496' data-av-masonry-item='496' class='av-masonry-entry isotope-item post-496 attachment type-attachment status-inherit hentry  av-masonry-item-with-image' title=\"pexels-giallo-859895\" alt=\"\"    itemprop=\"thumbnailUrl\" ><div class='av-inner-masonry-sizer'><\/div><figure class='av-inner-masonry main_color'><div class=\"av-masonry-outerimage-container\"><div class='av-masonry-image-container'  ><img decoding=\"async\" width=\"705\" height=\"470\" fetchpriority=\"high\" class=\"wp-image-496 avia-img-lazy-loading-not-496\"  src=\"https:\/\/lumpenjunge.com\/wp-content\/uploads\/2023\/01\/pexels-giallo-859895-705x470.jpg\" title=\"pexels-giallo-859895\" alt=\"\" srcset=\"https:\/\/lumpenjunge.com\/wp-content\/uploads\/2023\/01\/pexels-giallo-859895-705x470.jpg 705w, https:\/\/lumpenjunge.com\/wp-content\/uploads\/2023\/01\/pexels-giallo-859895-300x200.jpg 300w, https:\/\/lumpenjunge.com\/wp-content\/uploads\/2023\/01\/pexels-giallo-859895-1030x687.jpg 1030w, https:\/\/lumpenjunge.com\/wp-content\/uploads\/2023\/01\/pexels-giallo-859895-768x512.jpg 768w, https:\/\/lumpenjunge.com\/wp-content\/uploads\/2023\/01\/pexels-giallo-859895.jpg 1500w\" sizes=\"(max-width: 705px) 100vw, 705px\" \/><\/div><\/div><figcaption class='av-inner-masonry-content site-background'><div class='av-inner-masonry-content-pos'><div class='av-inner-masonry-content-pos-content'><div class='avia-arrow'><\/div><h3 class='av-masonry-entry-title entry-title '  itemprop=\"headline\" >pexels-giallo-859895<\/h3><\/div><\/div><\/figcaption><\/figure><\/a><!--end av-masonry entry--><a href=\"https:\/\/lumpenjunge.com\/wp-content\/uploads\/2023\/01\/pexels-markus-spiske-93488-1030x687.jpg\" data-srcset=\"https:\/\/lumpenjunge.com\/wp-content\/uploads\/2023\/01\/pexels-markus-spiske-93488-1030x687.jpg 1030w, https:\/\/lumpenjunge.com\/wp-content\/uploads\/2023\/01\/pexels-markus-spiske-93488-300x200.jpg 300w, https:\/\/lumpenjunge.com\/wp-content\/uploads\/2023\/01\/pexels-markus-spiske-93488-768x512.jpg 768w, https:\/\/lumpenjunge.com\/wp-content\/uploads\/2023\/01\/pexels-markus-spiske-93488-705x470.jpg 705w, https:\/\/lumpenjunge.com\/wp-content\/uploads\/2023\/01\/pexels-markus-spiske-93488.jpg 1500w\" data-sizes=\"(max-width: 1030px) 100vw, 1030px\"  aria-label=\"Bild pexels-markus-spiske-93488\"  id='av-masonry-1-item-472' data-av-masonry-item='472' class='av-masonry-entry isotope-item post-472 attachment type-attachment status-inherit hentry  av-masonry-item-with-image' title=\"pexels-markus-spiske-93488\" alt=\"\"    itemprop=\"thumbnailUrl\" ><div class='av-inner-masonry-sizer'><\/div><figure class='av-inner-masonry main_color'><div class=\"av-masonry-outerimage-container\"><div class='av-masonry-image-container'  ><img decoding=\"async\" width=\"705\" height=\"470\" fetchpriority=\"high\" class=\"wp-image-472 avia-img-lazy-loading-not-472\"  src=\"https:\/\/lumpenjunge.com\/wp-content\/uploads\/2023\/01\/pexels-markus-spiske-93488-705x470.jpg\" title=\"pexels-markus-spiske-93488\" alt=\"\" srcset=\"https:\/\/lumpenjunge.com\/wp-content\/uploads\/2023\/01\/pexels-markus-spiske-93488-705x470.jpg 705w, https:\/\/lumpenjunge.com\/wp-content\/uploads\/2023\/01\/pexels-markus-spiske-93488-300x200.jpg 300w, https:\/\/lumpenjunge.com\/wp-content\/uploads\/2023\/01\/pexels-markus-spiske-93488-1030x687.jpg 1030w, https:\/\/lumpenjunge.com\/wp-content\/uploads\/2023\/01\/pexels-markus-spiske-93488-768x512.jpg 768w, https:\/\/lumpenjunge.com\/wp-content\/uploads\/2023\/01\/pexels-markus-spiske-93488.jpg 1500w\" sizes=\"(max-width: 705px) 100vw, 705px\" \/><\/div><\/div><figcaption class='av-inner-masonry-content site-background'><div class='av-inner-masonry-content-pos'><div class='av-inner-masonry-content-pos-content'><div class='avia-arrow'><\/div><h3 class='av-masonry-entry-title entry-title '  itemprop=\"headline\" >pexels-markus-spiske-93488<\/h3><\/div><\/div><\/figcaption><\/figure><\/a><!--end av-masonry entry--><a href=\"https:\/\/lumpenjunge.com\/wp-content\/uploads\/2023\/01\/Lumpenjunge_schwarz.jpg\" data-srcset=\"https:\/\/lumpenjunge.com\/wp-content\/uploads\/2023\/01\/Lumpenjunge_schwarz.jpg 340w, https:\/\/lumpenjunge.com\/wp-content\/uploads\/2023\/01\/Lumpenjunge_schwarz-300x134.jpg 300w\" data-sizes=\"(max-width: 340px) 100vw, 340px\"  aria-label=\"Bild Lumpenjunge_schwarz\"  id='av-masonry-1-item-470' data-av-masonry-item='470' class='av-masonry-entry isotope-item post-470 attachment type-attachment status-inherit hentry  av-masonry-item-with-image' title=\"Lumpenjunge_schwarz\" alt=\"\"    itemprop=\"thumbnailUrl\" ><div class='av-inner-masonry-sizer'><\/div><figure class='av-inner-masonry main_color'><div class=\"av-masonry-outerimage-container\"><div class='av-masonry-image-container'  ><img decoding=\"async\" width=\"340\" height=\"152\" fetchpriority=\"high\" class=\"wp-image-470 avia-img-lazy-loading-not-470\"  src=\"https:\/\/lumpenjunge.com\/wp-content\/uploads\/2023\/01\/Lumpenjunge_schwarz.jpg\" title=\"Lumpenjunge_schwarz\" alt=\"\" srcset=\"https:\/\/lumpenjunge.com\/wp-content\/uploads\/2023\/01\/Lumpenjunge_schwarz.jpg 340w, https:\/\/lumpenjunge.com\/wp-content\/uploads\/2023\/01\/Lumpenjunge_schwarz-300x134.jpg 300w\" sizes=\"(max-width: 340px) 100vw, 340px\" \/><\/div><\/div><figcaption class='av-inner-masonry-content site-background'><div class='av-inner-masonry-content-pos'><div class='av-inner-masonry-content-pos-content'><div class='avia-arrow'><\/div><h3 class='av-masonry-entry-title entry-title '  itemprop=\"headline\" >Lumpenjunge_schwarz<\/h3><\/div><\/div><\/figcaption><\/figure><\/a><!--end av-masonry entry--><\/div><\/div>\n<div  class='avia-button-wrap avia-button-center  avia-builder-el-22  el_after_av_masonry_gallery  avia-builder-el-last '>\n<style type=\"text\/css\" data-created_by=\"avia_inline_auto\" id=\"style-css-av-9y207-62d5f587db155b5fcdb963ec74379619\">\n#top #wrap_all .avia-button.av-9y207-62d5f587db155b5fcdb963ec74379619{\nbackground-color:#333333;\nborder-color:#333333;\ntransition:all 0.4s ease-in-out;\n}\n#top #wrap_all .avia-button.av-9y207-62d5f587db155b5fcdb963ec74379619:hover{\nbackground-color:#444444;\ncolor:white;\ntransition:all 0.4s ease-in-out;\n}\n<\/style>\n<a href='https:\/\/lumpenjunge.com\/?page_id=35' class='av-icon-on-hover avia-font-color-theme-color avia-button avia-button-fullwidth av-9y207-62d5f587db155b5fcdb963ec74379619 avia-icon_select-yes-right-icon avia-color-custom'   aria-label=\"Fragen?\"><span class='avia_iconbox_title' >Fragen?<\/span><span class='avia_button_icon avia_button_icon_right' aria-hidden='true' data-av_icon='\ue805' data-av_iconfont='entypo-fontello'><\/span><\/a><\/div>\n","protected":false},"excerpt":{"rendered":"","protected":false},"author":1,"featured_media":0,"parent":0,"menu_order":0,"comment_status":"open","ping_status":"open","template":"","meta":{"footnotes":""},"class_list":["post-447","page","type-page","status-publish","hentry"],"_links":{"self":[{"href":"https:\/\/lumpenjunge.com\/index.php?rest_route=\/wp\/v2\/pages\/447","targetHints":{"allow":["GET"]}}],"collection":[{"href":"https:\/\/lumpenjunge.com\/index.php?rest_route=\/wp\/v2\/pages"}],"about":[{"href":"https:\/\/lumpenjunge.com\/index.php?rest_route=\/wp\/v2\/types\/page"}],"author":[{"embeddable":true,"href":"https:\/\/lumpenjunge.com\/index.php?rest_route=\/wp\/v2\/users\/1"}],"replies":[{"embeddable":true,"href":"https:\/\/lumpenjunge.com\/index.php?rest_route=%2Fwp%2Fv2%2Fcomments&post=447"}],"version-history":[{"count":26,"href":"https:\/\/lumpenjunge.com\/index.php?rest_route=\/wp\/v2\/pages\/447\/revisions"}],"predecessor-version":[{"id":586,"href":"https:\/\/lumpenjunge.com\/index.php?rest_route=\/wp\/v2\/pages\/447\/revisions\/586"}],"wp:attachment":[{"href":"https:\/\/lumpenjunge.com\/index.php?rest_route=%2Fwp%2Fv2%2Fmedia&parent=447"}],"curies":[{"name":"wp","href":"https:\/\/api.w.org\/{rel}","templated":true}]}}